{"id":4,"date":"2010-06-21T06:05:22","date_gmt":"2010-06-21T04:05:22","guid":{"rendered":"http:\/\/www.wir-in-winden.de\/?page_id=4"},"modified":"2024-02-29T17:12:35","modified_gmt":"2024-02-29T15:12:35","slug":"vereine","status":"publish","type":"page","link":"https:\/\/www.wir-in-winden.de\/?page_id=4","title":{"rendered":"Vereine"},"content":{"rendered":"<p>Hier k\u00f6nnte auch Ihr Verein aufgelistet sein. Schreiben Sie dazu eine E-Mail an:<a href=\"mailto:redaktion@wir-in-winden.de\" target=\"_blank\" rel=\"noopener noreferrer\"> redaktion@wir-in-winden.de<\/a>.<\/p>\n<p><strong>B\u00fcrgerverein Winden<\/strong><br \/>\nVorsitzender Gebhard Linscheid<br \/>\nVor dem Wald 11<br \/>\n56379 Winden, Tel.: 02604\/94 24 65<\/p>\n<p><a href=\"http:\/\/feuerwehrwinden.de\/\" target=\"_blank\" rel=\"noopener noreferrer\"><strong>Freiwillige Feuerwehr Winden<\/strong><\/a><br \/>\nWehrf\u00fchrer Tim Rommersbach: E-Mail<br \/>\n<a href=\"mailto:BorisHillenbrand@t-online.de\" target=\"_blank\" rel=\"noopener noreferrer\">\u00a0<\/a><a href=\"mailto:tim.rommersbach@gmail.de\" target=\"_blank\" rel=\"noopener noreferrer\">tim.rommersbach@gmail.de<\/a>, Tel.: 0151 25 29 47 88.<\/p>\n<p><strong>F\u00f6rderverein der Freiwilligen Feuerwehr Winden<\/strong><br \/>\nVorsitzender Florian Linscheid: <a href=\"mailto:Flo.linscheid@gmx.de\" target=\"_blank\" rel=\"noopener noreferrer\">Flo.linscheid@gmx.de<\/a><\/p>\n<p><strong>F\u00f6rderverein der Kindertagesst\u00e4tte Winden<\/strong><br \/>\nVorsitzender: Markus Skopnick<br \/>\n56379 Winden<\/p>\n<p><a href=\"http:\/\/feuerwehrwinden.de\/\" target=\"_blank\" rel=\"noopener noreferrer\"><strong>Jugendfeuerwehr Winden<\/strong><\/a><br \/>\nJugendwart: Lukas Eschenauer<\/p>\n<p><strong>Gesangverein Winden<\/strong><br \/>\nVorsitzende Brigitte M\u00fcller<br \/>\nChorprobe: montags, 20.15 Uhr bis 22 Uhr.<\/p>\n<p><strong>Gymnastikgruppe &#8222;Immerfit&#8220;<\/strong><br \/>\nVorsitzende Sonja Schwaderlapp<\/p>\n<p><strong>Sch\u00fctzengesellschaft Winden<\/strong><br \/>\nVorsitzender Michael Eifler,<br \/>\nSchulstra\u00dfe 32, 56379 Winden,<br \/>\nTelefon: 02604\/941023.<br \/>\nInternet:<a href=\"http:\/\/www.sch\u00fctzen1960-winden.de\" target=\"_blank\" rel=\"noopener noreferrer\"> www.sch\u00fctzen1960-winden.de<\/a><\/p>\n<p><strong>Tennisclub Winden<\/strong><br \/>\n1. Vorsitzender: Chris Schmidt<br \/>\nHauptstra\u00dfe 42a<br \/>\n56379 Winden<br \/>\nInternet: <a href=\"http:\/\/www.tc-winden.eu\" target=\"_blank\" rel=\"noopener noreferrer\">www.tc-winden.eu<\/a><\/p>\n<p><strong>Verein f\u00fcr Rasensport 1916 (VfR)<\/strong><\/p>\n<p>Vorsitzender: Silas Dennebaum<br \/>\n56379 Winden<\/p>\n","protected":false},"excerpt":{"rendered":"<p>Hier k\u00f6nnte auch Ihr Verein aufgelistet sein. Schreiben Sie dazu eine E-Mail an: redaktion@wir-in-winden.de. B\u00fcrgerverein Winden Vorsitzender Gebhard Linscheid Vor dem Wald 11 56379 Winden, Tel.: 02604\/94 24 65 Freiwillige Feuerwehr Winden Wehrf\u00fchrer Tim Rommersbach: E-Mail \u00a0tim.rommersbach@gmail.de, Tel.: 0151 25 29 47 88. F\u00f6rderverein der Freiwilligen Feuerwehr Winden Vorsitzender Florian Linscheid: Flo.linscheid@gmx.de F\u00f6rderverein der Kindertagesst\u00e4tte [&hellip;]<\/p>\n","protected":false},"author":1,"featured_media":0,"parent":0,"menu_order":6,"comment_status":"open","ping_status":"closed","template":"","meta":{"footnotes":""},"class_list":["post-4","page","type-page","status-publish","hentry"],"_links":{"self":[{"href":"https:\/\/www.wir-in-winden.de\/index.php?rest_route=\/wp\/v2\/pages\/4","targetHints":{"allow":["GET"]}}],"collection":[{"href":"https:\/\/www.wir-in-winden.de\/index.php?rest_route=\/wp\/v2\/pages"}],"about":[{"href":"https:\/\/www.wir-in-winden.de\/index.php?rest_route=\/wp\/v2\/types\/page"}],"author":[{"embeddable":true,"href":"https:\/\/www.wir-in-winden.de\/index.php?rest_route=\/wp\/v2\/users\/1"}],"replies":[{"embeddable":true,"href":"https:\/\/www.wir-in-winden.de\/index.php?rest_route=%2Fwp%2Fv2%2Fcomments&post=4"}],"version-history":[{"count":35,"href":"https:\/\/www.wir-in-winden.de\/index.php?rest_route=\/wp\/v2\/pages\/4\/revisions"}],"predecessor-version":[{"id":11631,"href":"https:\/\/www.wir-in-winden.de\/index.php?rest_route=\/wp\/v2\/pages\/4\/revisions\/11631"}],"wp:attachment":[{"href":"https:\/\/www.wir-in-winden.de\/index.php?rest_route=%2Fwp%2Fv2%2Fmedia&parent=4"}],"curies":[{"name":"wp","href":"https:\/\/api.w.org\/{rel}","templated":true}]}}