{"id":125,"date":"2010-06-27T10:11:55","date_gmt":"2010-06-27T08:11:55","guid":{"rendered":"http:\/\/www.wir-in-winden.de\/?page_id=125"},"modified":"2020-01-27T10:04:29","modified_gmt":"2020-01-27T08:04:29","slug":"schwerpunktgemeinde","status":"publish","type":"page","link":"https:\/\/www.wir-in-winden.de\/?page_id=125","title":{"rendered":"Ortssatzungen"},"content":{"rendered":"<p>Hier finden Sie die Satzungen der Ortsgemeinde Winden zum Download:<\/p>\n<ul>\n<li><a href=\"http:\/\/www.wir-in-winden.de\/wp-content\/uploads\/Ortssatzungen\/Ausbaubeitraege Einzelabrechnung 2016.pdf\" target=\"_blank\" rel=\"noopener noreferrer\">Ausbaubeitragssatzung Einzelabrechnung<\/a><\/li>\n<li><a href=\"http:\/\/www.wir-in-winden.de\/wp-content\/uploads\/Ortssatzungen\/Ausbaubeitraege.pdf\" target=\"_blank\" rel=\"noopener noreferrer\">Ausbaubeitragssatzung wiederkehrende Beitr\u00e4ge<\/a><\/li>\n<li><a href=\"http:\/\/www.wir-in-winden.de\/wp-content\/uploads\/Ortssatzungen\/Benutzungs- und Gebuehrenordnung Buergerhaus Winden.pdf\" target=\"_blank\" rel=\"noopener noreferrer\">Benutzungs- und Geb\u00fchrenordnung B\u00fcrgerhaus Winden<\/a><\/li>\n<li><a href=\"http:\/\/www.wir-in-winden.de\/wp-content\/uploads\/Ortssatzungen\/Benutzungs- und Gebuehrenordnung Grillhuette Winden.pdf\" target=\"_blank\" rel=\"noopener noreferrer\">Benutzungs- und Geb\u00fchrenordnung f\u00fcr die Grilh\u00fctte der Ortsgemeinde Winden<\/a><\/li>\n<li><a href=\"http:\/\/www.wir-in-winden.de\/wp-content\/uploads\/Ortssatzungen\/Aenderungssatzung_Grillhuette.pdf\">\u00c4nderung der Grillh\u00fctten-Satzung<\/a><\/li>\n<li><a href=\"http:\/\/www.wir-in-winden.de\/wp-content\/uploads\/Ortssatzungen\/Erschlie\u00dfungsbeitragssatzung.pdf\" target=\"_blank\" rel=\"noopener noreferrer\">Erschlie\u00dfungsbeitragssatzung<\/a><\/li>\n<li><a href=\"http:\/\/www.wir-in-winden.de\/wp-content\/uploads\/Ortssatzungen\/Winden - Feld- und Waldwegesatzung 2017.pdf\" target=\"_blank\" rel=\"noopener noreferrer\">Feld- und Waldwegesatzung<\/a><\/li>\n<li><a href=\"http:\/\/www.wir-in-winden.de\/wp-content\/uploads\/Ortssatzungen\/Friedhofssatzung vom 29. 12. 2016.pdf\" target=\"_blank\" rel=\"noopener noreferrer\">Friedhofssatzung<\/a><\/li>\n<li><a href=\"http:\/\/www.wir-in-winden.de\/wp-content\/uploads\/Ortssatzungen\/Friedhofsgebuehrensatzung 29.12.2016.pdf\" target=\"_blank\" rel=\"noopener noreferrer\">Friedhofsgeb\u00fchrensatzung<\/a><\/li>\n<li><a href=\"http:\/\/www.wir-in-winden.de\/wp-content\/uploads\/Ortssatzungen\/Geschaeftsordnung 11.10.16.pdf\" target=\"_blank\" rel=\"noopener noreferrer\">Gesch\u00e4ftsordnung<\/a><\/li>\n<li><a href=\"http:\/\/www.wir-in-winden.de\/wp-content\/uploads\/Ortssatzungen\/Hauptsatzung 2014.pdf\" target=\"_blank\" rel=\"noopener noreferrer\">Hauptsatzung<\/a><\/li>\n<li><a href=\"http:\/\/www.wir-in-winden.de\/wp-content\/uploads\/Ortssatzungen\/Hundesteuersatzung.pdf\" target=\"_blank\" rel=\"noopener noreferrer\">Hundesteuersatzung<\/a><\/li>\n<li><a href=\"http:\/\/www.wir-in-winden.de\/wp-content\/uploads\/Ortssatzungen\/Stellplatzabloesungssatzung.pdf\" target=\"_blank\" rel=\"noopener noreferrer\">Stellplatz-Abl\u00f6sesatzung<\/a><\/li>\n<li><a href=\"http:\/\/www.wir-in-winden.de\/wp-content\/uploads\/Ortssatzungen\/wi Satzung Kostenerst. Ausgleichsm.pdf\" target=\"_blank\" rel=\"noopener noreferrer\">Satzung der Ortsgemeinde Winden zur Erhebung von Kostenerstattungsbetr\u00e4gen<\/a><\/li>\n<li><a href=\"http:\/\/www.wir-in-winden.de\/wp-content\/uploads\/Ortssatzungen\/wi Verschonungssatzung wkb 2016.pdf\" target=\"_blank\" rel=\"noopener noreferrer\">Satzung der Ortsgemeinde Winden zur Verschonung von Abrechnungsgebieten<\/a><\/li>\n<li><a href=\"http:\/\/www.wir-in-winden.de\/wp-content\/uploads\/Ortssatzungen\/Satzung Winden Stra\u00dfenreinigung.pdf\" target=\"_blank\" rel=\"noopener noreferrer\">Stra\u00dfenreinigungssatzung<\/a><\/li>\n<\/ul>\n","protected":false},"excerpt":{"rendered":"<p>Hier finden Sie die Satzungen der Ortsgemeinde Winden zum Download: Ausbaubeitragssatzung Einzelabrechnung Ausbaubeitragssatzung wiederkehrende Beitr\u00e4ge Benutzungs- und Geb\u00fchrenordnung B\u00fcrgerhaus Winden Benutzungs- und Geb\u00fchrenordnung f\u00fcr die Grilh\u00fctte der Ortsgemeinde Winden \u00c4nderung der Grillh\u00fctten-Satzung Erschlie\u00dfungsbeitragssatzung Feld- und Waldwegesatzung Friedhofssatzung Friedhofsgeb\u00fchrensatzung Gesch\u00e4ftsordnung Hauptsatzung Hundesteuersatzung Stellplatz-Abl\u00f6sesatzung Satzung der Ortsgemeinde Winden zur Erhebung von Kostenerstattungsbetr\u00e4gen Satzung der Ortsgemeinde Winden zur [&hellip;]<\/p>\n","protected":false},"author":1,"featured_media":0,"parent":0,"menu_order":0,"comment_status":"open","ping_status":"closed","template":"","meta":{"footnotes":""},"class_list":["post-125","page","type-page","status-publish","hentry"],"_links":{"self":[{"href":"https:\/\/www.wir-in-winden.de\/index.php?rest_route=\/wp\/v2\/pages\/125","targetHints":{"allow":["GET"]}}],"collection":[{"href":"https:\/\/www.wir-in-winden.de\/index.php?rest_route=\/wp\/v2\/pages"}],"about":[{"href":"https:\/\/www.wir-in-winden.de\/index.php?rest_route=\/wp\/v2\/types\/page"}],"author":[{"embeddable":true,"href":"https:\/\/www.wir-in-winden.de\/index.php?rest_route=\/wp\/v2\/users\/1"}],"replies":[{"embeddable":true,"href":"https:\/\/www.wir-in-winden.de\/index.php?rest_route=%2Fwp%2Fv2%2Fcomments&post=125"}],"version-history":[{"count":33,"href":"https:\/\/www.wir-in-winden.de\/index.php?rest_route=\/wp\/v2\/pages\/125\/revisions"}],"predecessor-version":[{"id":9584,"href":"https:\/\/www.wir-in-winden.de\/index.php?rest_route=\/wp\/v2\/pages\/125\/revisions\/9584"}],"wp:attachment":[{"href":"https:\/\/www.wir-in-winden.de\/index.php?rest_route=%2Fwp%2Fv2%2Fmedia&parent=125"}],"curies":[{"name":"wp","href":"https:\/\/api.w.org\/{rel}","templated":true}]}}